o and t?
20
Suppose 2 + 8 = -5*n. Suppose h - 3 - 2 = 0. Let b be 10/n*(-18)/h. What is the greatest common factor of b and 198?
18
Suppose -g + 2*m + 15 = -5, -2*m - 50 = -4*g. Let u = -13 + 25. Let b be (-128)/u*30/(-8). Calculate the highest common divisor of g and b.
10
Let q(h) = -2*h + 22. Let r be q(10). Let k(p) = 9*p**2 + 3*p - 4. Let m be k(r). What is the greatest common factor of 76 and m?
38
Let y(q) = 38*q - 128. Let x be y(4). Suppose v - 21 = l + 4, -1 = l. Calculate the greatest common factor of v and x.
24
Let b be -10*2*(-6)/3. Let g be (-10)/(-6)*(1 - (18 + 4)). Let o be ((-12)/(-4) + g)*(-3)/6. What is the highest common divisor of b and o?
8
Suppose 16*i + 8 = 18*i. Suppose -6*k + 416 = -2*k - i*o, -4*k + 444 = 3*o. Calculate the highest common factor of k and 12.
12
Let l(u) = -u + 28. Let j be l(13). Suppose j*m - 11*m = 324. Let i = -64 - -118. Calculate the greatest common factor of m and i.
27
Let q(a) = -2*a + 10. Let v be q(4). Let w(f) = -3*f - 18 + 2 + v + 6*f. Let b be w(10). What is the greatest common factor of 48 and b?
16
Let o be 4/5*990/44. Calculate the greatest common divisor of o and 243.
9
Let k = -107 + 182. Suppose 0*j - 5*p + 70 = -5*j, -2*j - 3*p = 8. Let s(z) = -z**2 - 10*z + 15. Let h be s(j). Calculate the highest common divisor of k and h.
15
Let h = 65 - -188. Calculate the highest common factor of h and 115.
23
Let c = -82 + 342. Calculate the highest common factor of c and 104.
52
Suppose 10*p - 4 - 16 = 0. Suppose -p*g + 6 = -g. What is the greatest common factor of 6 and g?
6
Let n be -6 - (-248)/40 - 1708/(-10). What is the greatest common divisor of 152 and n?
19
Let w(o) = 9*o**2 - 6*o + 6. Let k be w(4). Suppose 0 = -3*g + 4*g - 5. Suppose 56 = -b + g*b. Calculate the greatest common divisor of k and b.
14
Suppose -3*k = -0*k - 48. Let j(d) = -d**2 - 8*d. Let c be j(-11). Let l = c - -57. What is the highest common factor of l and k?
8
Let b = 312 - 279. What is the greatest common divisor of 6 and b?
3
Let r(w) = 10*w + 5. Let j be r(-8). Let v be (-3 - -111)*5/(j/(-20)). Calculate the highest common factor of v and 96.
48
Let j be ((-8)/(-2))/(1/7). Suppose 4*m = 3*t + 1021, -5*t + 4*t - 511 = -2*m. Let k = m - 116. Calculate the highest common factor of j and k.
28
Suppose -3*h + 9 = 0, 4*o = -4*h + 2*h + 154. Let y = o - 22. Suppose 0 = 5*g - 18 + 3. What is the greatest common divisor of y and g?
3
Suppose 1 + 3 = -q - 5*x, -130 = -5*q + 5*x. Calculate the greatest common divisor of 70 and q.
7
Suppose -2*g + 304 = -2*a, 0 = -3*g + 2*g + 2*a + 156. Calculate the greatest common factor of g and 185.
37
Suppose 1413 = -7*r + 2715. What is the highest common factor of 434 and r?
62
Let p(u) = -34*u + 30. Let o be p(-5). What is the highest common factor of o and 40?
40
Let i(g) = 60*g + 438. Let r be i(-7). What is the highest common divisor of r and 954?
18
Suppose -17 = -2*u - s, 0*s + 3*s - 19 = -2*u. Suppose -f = -3*r + 9, -3*r + u = -2*f + 2. Calculate the highest common factor of 24 and f.
3
Let n be (1 - 1)/(13 + -17). Let t be (n/(-2) + 8/12)*21. Let b(m) = -10*m - 2. Let g be b(-3). What is the greatest common factor of t and g?
14
Let c be (-8)/(-28) + ((-1038)/(-21))/2. Calculate the highest common divisor of 25 and c.
25
Let f be 66/4*(-432)/(-72). What is the greatest common factor of 693 and f?
99
Suppose 157*l - 63 = 154*l. What is the highest common divisor of l and 168?
21
Let a be (4/(-10))/((-3)/(-30)). Let w be (4/a)/1 - -13. Let s = 6 + w. What is the highest common factor of 27 and s?
9
Suppose 4*v - 16 = 16. Suppose -74 = -v*r + 430. Calculate the greatest common factor of r and 9.
9
Let n(u) = 11*u + 342. Let c be n(-24). What is the highest common factor of 104 and c?
26
Let g = -113 + 139. Let j = 141 + -76. Calculate the greatest common factor of j and g.
13
Let t(l) = 5*l**2. Let b be t(-1). Suppose -b*o + 585 = 5*h + 50, -2*h + 220 = 4*o. Calculate the highest common factor of h and 26.
26
Let n(u) = 6*u**3 - 3*u**2 + u + 1. Let w be n(2). Suppose s + 24 = 8. Let q be s/20 + (-536)/(-20). What is the highest common factor of w and q?
13
Let j(f) = 332*f**2 + 9*f + 3. Let s be j(-2). Suppose 81 - s = -8*p. Calculate the greatest common divisor of p and 14.
14
Let a(q) = 4*q**2 - q + 5. Let f be 1/5 - (-38)/10. Let i be a(f). Let u(c) = -c**3 + 5*c - 18. Let g be u(-4). Calculate the greatest common factor of i and g.
13
Let y = 39 - 28. Suppose y*n - 14*n = -252. What is the greatest common factor of n and 12?
12
Suppose -15*z + 140 = 5*z. Calculate the greatest common factor of z and 3.
1
Let f = -5 - 15. Let z = 45 - 9. Let q = f + z. What is the highest common divisor of q and 4?
4
Suppose -2*h + 11*h - 396 = 0. What is the highest common factor of h and 22?
22
Suppose 4*v - 2*u + 182 = 0, -2*u = -v + u - 33. Let a = v - -108. Suppose 5*m - 37 - 23 = 0. What is the greatest common factor of a and m?
12
Let u = 561 - 327. Let o be 2/(-15) + (-4316)/30. Let b = u + o. Calculate the highest common divisor of b and 36.
18
Let x be -16 + 19 + (-247)/(-1). What is the greatest common factor of x and 150?
50
Let z = 857 + -687. Calculate the greatest common divisor of 51 and z.
17
Let w(x) be the first derivative of 2 + 4*x + 1/2*x**2. Let z be w(10). Calculate the highest common factor of 42 and z.
14
Let z(s) = -3*s + 29. Let o be z(9). Suppose j = -5*l - o*j + 84, -2*l = -j - 38. Calculate the greatest common divisor of 162 and l.
18
Let d(c) = -c**2 + 17*c - 60. Let m be d(11). What is the highest common factor of 30 and m?
6
Let l be 838 - (-7 + -1)/(-4). Suppose z - l = -3*z. Suppose -w = 5*j - z, -w = -4*j + 6*j - 83. Calculate the highest common divisor of j and 6.
6
Suppose 5*u + 0*u + 825 = 0. Let d = 711 + u. Let k be d/4*8/12. Calculate the highest common factor of k and 13.
13
Suppose g = 0, 11 = 4*s + 3*g + 39. Let j be ((-1776)/14)/(-3) + 2/s. Calculate the highest common divisor of j and 21.
21
Let p be (-2)/4 + (-18)/12. Let m be (-29)/(-2) + (-3)/p. Let q be 1290/9 + 10/15. What is the highest common divisor of q and m?
16
Let j(q) = -q**2 - 5*q - 2. Let m be j(-4). Let y be (-96)/(-20) - (-2)/(5*m). Calculate the highest common factor of 1 and y.
1
Let r be 1*5 - ((-32)/(-8) - 68). Calculate the greatest common factor of r and 92.
23
Let w(h) = 18*h + 405. Let g be w(-19). What is the highest common factor of g and 35?
7
Let z = -215 - -231. What is the highest common factor of 2 and z?
2
Let a(g) = g**2 + 19*g + 67. Let d be a(-17). Calculate the greatest common divisor of 33 and d.
33
Let d = 368 + -186. What is the greatest common divisor of d and 130?
26
Suppose -32 = l - 5*d - 311, d + 1395 = 5*l. Calculate the highest common factor of 9 and l.
9
Let j(n) = -n**3 - 2*n**2 - n. Let h be j(-1). Suppose 4*z - 2*a + 102 = h, 8 = -z - 2*a - a. Let w = -13 - z. What is the highest common factor of w and 25?
5
Let f = -3479 - -3521. Suppose 6 = -2*t - 4. Let p(v) = v**2 + 5*v + 7. Let i be p(t). Calculate the highest common factor of i and f.
7
Suppose -y = -l + 6*l - 57, -2*y = -3*l - 140. Let h = -35 + y. Suppose 2*j + 64 = 6*j. What is the highest common factor of h and j?
16
Suppose -6*i + 37 + 107 = 0. Suppose 5*d - 84 = 216. What is the greatest common divisor of i and d?
12
Let k(a) = -11*a**3 - 3*a**2 - 6*a - 3. Let f be k(-2). Calculate the highest common factor of f and 51.
17
Let q = -16 + -29. Let r(f) = 20*f + 31. Let g be r(-3). Let b = g - q. Calculate the highest common factor of 80 and b.
16
Let l be 10/45 - 858/(-27). Let n = l + -3. What is the greatest common divisor of 58 and n?
29
Suppose 0 = 3*d + 4*f + 3, d + 4*f = 2*f - 3. Suppose 548 = d*w + 20. Calculate the greatest common factor of 16 and w.
16
Suppose -4*o - q - 15 = 0, -8 = -2*o + 5*q + 1. Let k be ((-570)/6)/5*1*o. Calculate the highest common divisor of 228 and k.
57
Suppose 4*a - 7*g + 6*g = 3128, 5*a - 4*g = 3899. Calculate the greatest common factor of 29 and a.
29
Let u be (-2 - 1) + 5 - -2. Suppose 4*j - 91 = h + 73, 3*j - 136 = u*h. What is the highest common divisor of j and 16?
8
Let v(s) = s**3 - 8*s + 12. Let x be v(4). Let r = 144 - 140. Calculate the greatest common factor of x and r.
4
Let c = -33 - -35. Suppose -5*h = c*h - 693. What is the h